w(-7)?
15383
Let y be (-40)/30 + (-4255)/(-3). Suppose 3*f = y + 842. List the prime factors of f.
3, 251
Suppose 556 = -3*n + 2542. Let a = n + -141. What are the prime factors of a?
521
Suppose -a = 2*z - 1033, z = -2*z + 3*a + 1563. Let s = 236 + z. What are the prime factors of s?
2, 13, 29
Suppose 4*g = -2*t + 24, -5*g - 14 = 3*t - 6*t. Suppose t*w - 4392 = -4*w. List the prime factors of w.
2, 3, 61
Let h(t) = -t - 10. Let a be h(-7). Let l(x) = -7*x**3 - 2*x - 2. What are the prime factors of l(a)?
193
Let k = 94890 + -63896. List the prime factors of k.
2, 15497
Let d(u) be the second derivative of 3/2*u**3 - 17*u + 0 - 11*u**2. What are the prime factors of d(15)?
113
Suppose 5*q = -2*q + 14. Suppose q*c + c + 4*j = 0, 3*c + 5*j = 0. Let t(b) = -b**3 - b**2 - 3*b + 116. What are the prime factors of t(c)?
2, 29
Suppose -55*o = -54*o + 4*d - 12298, -o + 12250 = -4*d. What are the prime factors of o?
2, 17, 19
Let v(n) = n**2 - 19*n + 20. Let i be v(20). Let o = 127 - i. What are the prime factors of o?
3, 29
Let v(d) = d**3 + 7*d**2 + 5*d + 2. Let h be v(-8). Let k = -106 - h. List the prime factors of 995/10*2 - k/(-2).
197
Suppose 0 = x - y - 59183, 51*x + 5*y + 177559 = 54*x. What are the prime factors of x?
2, 3, 7, 1409
Let g(d) = 2*d - 7. Let x be g(6). Suppose -6404 = -30*l + 2476. Suppose l = i + 2*i - x*f, -2*f = -10. What are the prime factors of i?
107
Suppose -n = -3*j - 37, -3*n + 1 = j - 60. Suppose -n - 31 = u. Let q = u - -79. List the prime factors of q.
2, 13
Let j(s) = 24*s + 18*s**2 + 15 + s**2 - 18*s**2. What are the prime factors of j(0)?
3, 5
Let a(w) = 5*w**3 + 4*w**2 - w - 2. Let v(f) = f. Let l(b) = -5*b - 53. Let z(q) = -l(q) - 3*v(q). Let y be z(-25). List the prime factors of a(y).
2, 83
Let u(g) = 2524*g - 83. List the prime factors of u(4).
17, 19, 31
Let p(y) = -1053*y - 1349. What are the prime factors of p(-9)?
2, 127
Suppose 2*v + 426*p = 430*p + 29972, -30026 = -2*v - 5*p. List the prime factors of v.
2, 7499
What are the prime factors of 2476*(1 - (4 - 19/4))?
7, 619
Let f be 19*(0 - (-7 - -5)). What are the prime factors of -1*44*f/(-8)?
11, 19
Let p(s) = s**3 + 23*s**2 - 14*s - 16. What are the prime factors of p(9)?
2, 5, 7
Let h(w) = -2*w**3 - 13*w**2 + 6*w - 2. Let d be h(-7). Let r be d + -8 + 1 + 99. Suppose -2*s = z + z - 62, -3*z = 4*s - r. List the prime factors of z.
3
Let k = 228 + -226. Suppose -k*r + 346 = -5*l, 6*l - 8*l = 0. What are the prime factors of r?
173
Suppose -178*k + 180*k = -5*a + 20015, 0 = 4*k + 3*a - 40051. List the prime factors of k.
5, 2003
Let h(k) = -8*k + 59. Let v be h(7). Suppose -2*z - 45 = -5*w, -v*w - 6 = -2*z - 33. Suppose 0 = w*s - 122 - 499. List the prime factors of s.
3, 23
Suppose 60 = -18*v + 870. What are the prime factors of (v/6 + -2)*(5 + 53)?
11, 29
Suppose 4*a + 4*b - 40 = 0, -2*b + 5 = -a + 15. Suppose u + 9*f - a*f = 114, 5*f - 15 = 0. List the prime factors of u.
3, 13
List the prime factors of (-5196)/(-3) + 9 + 11.
2, 3, 73
Suppose -3*y - 2617 = -5*m, -6*m + 2096 = -2*m - 3*y. Suppose -4*i - 49 = -m. Suppose -i = -10*f + 8*f. List the prime factors of f.
59
Suppose -63*b = 85*b - 279128. List the prime factors of b.
2, 23, 41
Suppose -130 = -5*q - 5*v, -3*q + 3*v + 96 - 18 = 0. Let s(y) = q - 12*y + 8 - 9. List the prime factors of s(-6).
97
Let n be (-39 - -40) + (1/(-1) - 0). Let r be (4 - 1 - 2)/((-2)/(-34)). Suppose -16*c + r*c - 22 = n. List the prime factors of c.
2, 11
Suppose -56*n - 30288 = -58*n. List the prime factors of n.
2, 3, 631
Suppose 167 = -5*u + 3*w, 3*w = -5*u - 197 + 54. Let b(r) = -r**2 - 42*r + 76. List the prime factors of b(u).
3, 139
Let g = -380 - -383. Suppose -5*q - 2*d + 2232 = -g*q, q - 5*d = 1092. What are the prime factors of q?
2, 139
Suppose -2 = 2*r, -2386 + 350 = -3*a - 4*r. Suppose -683*z + 2280 = -a*z. What are the prime factors of z?
2, 5, 19
Suppose -7*g - 13 = -48. Suppose -3*o = -g*w + 7, 5*o + 1 - 46 = -3*w. Suppose q = o + 5. What are the prime factors of q?
11
Let q(n) = -339*n + 26. Let u be q(-14). Let g be (u/12 + -1)*(-6)/(-5). Suppose g = 7*j - 7. List the prime factors of j.
3, 23
Let t be ((-1)/(-2))/(-10 - 29267/(-2926)). Let h = t - 113. What are the prime factors of h?
2, 3
Let d = -14 - 88. Let j = d + 129. Suppose -2*f + j - 3 = 0. What are the prime factors of f?
2, 3
Suppose 16*a + 8*a = -2*a + 489944. List the prime factors of a.
2, 7, 673
Let g(r) = 38*r + 216. Let f(y) = 20*y + 107. Let c(i) = -7*f(i) + 4*g(i). What are the prime factors of c(-8)?
19
Let b(l) = 56*l**2 - l - 5. Let z be b(2). List the prime factors of 62/z + (-1438)/(-14).
103
Suppose 53*k = 49*k + 16. Suppose 0 = 2*y + 3*x - 347, 0 = -k*y + x + 3*x + 704. List the prime factors of y.
5, 7
Let y be 2*3/9 + (-58)/6. Suppose -t = -4*k - 29 - 137, t - 172 = -2*k. Let i = y + t. What are the prime factors of i?
7, 23
Let m(o) = o**2 - o**3 - 1023*o + 2*o**2 + 1022*o. Let p be m(2). Suppose 3*n - z = 643, 655 + 199 = 4*n - p*z. List the prime factors of n.
2, 3
Suppose 3*s + 4*s + 560 = 0. Let q = 84 + s. Suppose 189 = 5*y + 4*i, 0 = -q*y + 8*i - 3*i + 184. What are the prime factors of y?
41
Let w(k) = 350*k + 1672. What are the prime factors of w(16)?
2, 3, 101
Let k = 86 - 29. Suppose 0 = 2*q - q - 5*r - k, 5*q + 2*r - 150 = 0. Suppose -30*s + q*s - 146 = 0. List the prime factors of s.
73
Let v = -18 - -37. Suppose 0*b = -b - 2*x - 2, -4*b + v = -x. What are the prime factors of (10/b)/(8/96)?
2, 3, 5
Suppose 27*f + 253 - 10 = 0. Let i(g) = -45*g + 26. List the prime factors of i(f).
431
Suppose -5*t + 10 = 2*f - 0*f, 0 = -t + 3*f - 15. Let z be (12 - -1) + (t - (1 - -2)). What are the prime factors of -7 + z + (-12)/(-3)?
7
Let w(g) = -135*g**3 - 25*g**2 + 17. List the prime factors of w(-5).
16267
Let w(x) = -2*x**2 + 8*x + 24. Let r be w(6). Suppose -50*z + 56*z - 2286 = r. What are the prime factors of z?
3, 127
Let l be 5/6*(17 + -11). Suppose 0 = o + j - 297, j + 3*j = -l*o + 1485. What are the prime factors of o?
3, 11
Suppose z - 88*z + 1588100 + 2660023 = 0. What are the prime factors of z?
11, 23, 193
Suppose 6*z = z - m - 143, 3*z - 4*m + 72 = 0. Let g = z - -28. Suppose g = 7*b - 5*b - 200. List the prime factors of b.
2, 5
Let y = 1601 + -2985. Let a = y + 2017. What are the prime factors of a?
3, 211
List the prime factors of 6/33 - 8588538/(-594).
19, 761
Suppose -4*r - 35 + 35 = 0. Suppose r*v - 14*v = -168. Suppose -5*z - v*z = -3808. What are the prime factors of z?
2, 7
Let j = 12193 + 11905. What are the prime factors of j?
2, 12049
Let z(k) = -26*k**3 + 3*k**2 + 18*k + 8. Suppose c - r + 4 - 2 = 0, -5*c - 30 = 5*r. List the prime factors of z(c).
2, 103
Let q(n) = 9*n**3 - 24*n**2 + 99*n + 56. What are the prime factors of q(10)?
2, 3823
Suppose 20*y - 94748 = 86732. What are the prime factors of y?
2, 13, 349
Suppose -t = 5*d - 4137, -816*t - d = -820*t + 16674. List the prime factors of t.
3, 463
What are the prime factors of (7/(7/3))/(-8*(-30)/3930400)?
2, 5, 17
Suppose -11*k = 2*b - 8*k - 24, 3*b + 3*k - 30 = 0. Let d(m) = 2*m**3 - 5*m**2 + m + 32. List the prime factors of d(b).
2, 5, 29
Let o = 19224 + -8280. List the prime factors of o.
2, 3, 19
List the prime factors of (4 + -2 - -7694 - (-6)/(-2)) + -3.
2, 5, 769
Let d = -134 + 137. Suppose 0 = 3*n - 3*t - 1215, 0 = 2*n - 4*n - d*t + 820. List the prime factors of n.
11, 37
Let s be (-2)/3*(-3)/(-4)*-10. Suppose -s*l + 23 = -4*l. Let f(y) = y**2 - 19*y - 53. What are the prime factors of f(l)?
3, 13
List the prime factors of 3/((-18)/(-121250)) - 55/165.
2, 3, 421
Suppose 49*i + 17*i - 403854 = 0. List the prime factors of i.
29, 211
Let w = -4125 - -9260. List the prime factors of w.
5, 13, 79
Let p(l) = -l**2 - l - 4. Let b be p(4). Let o be 4696/b + 4/(-3). Let h = -111 - o. What are the prime factors of h?
2, 43
Suppose 5*z - z = -444. Suppose -2356 + 518 = -27*p + 5398. Let k = p + z. List the prime factors of k.
157
Suppose -5*j = w - 36078, 4*w - 10722 = -3*j + 10918. What are the prime factors of j?
2, 11, 41
Let n(d) be the third derivative of -55*d**4/12 + 9*d**3/2 - 92*d**2. What are the prime factors of n(-8)?
907
Let y(n) = 737*n - 246. What are the prime factors of y(3)?
3, 5, 131
Let q = -13145 - -57180. What ar